28 is divided by 228?
224
What is the remainder when 9565 is divided by 2389?
9
What is the remainder when 663132 is divided by 544?
540
What is the remainder when 1457239 is divided by 17?
16
What is the remainder when 24683 is divided by 728?
659
Calculate the remainder when 851068 is divided by 10.
8
What is the remainder when 105564 is divided by 2111?
14
Calculate the remainder when 1018 is divided by 176.
138
Calculate the remainder when 9290 is divided by 29.
10
What is the remainder when 40775 is divided by 40771?
4
What is the remainder when 270701 is divided by 14?
11
What is the remainder when 29210 is divided by 479?
470
Calculate the remainder when 5224 is divided by 332.
244
What is the remainder when 16526 is divided by 70?
6
What is the remainder when 5459 is divided by 12?
11
What is the remainder when 12860 is divided by 1071?
8
Calculate the remainder when 319 is divided by 17.
13
Calculate the remainder when 3160 is divided by 420.
220
Calculate the remainder when 1578 is divided by 37.
24
Calculate the remainder when 135458 is divided by 67650.
158
What is the remainder when 353329 is divided by 26?
15
What is the remainder when 199666 is divided by 376?
10
What is the remainder when 140518 is divided by 598?
586
What is the remainder when 173012 is divided by 1531?
9
Calculate the remainder when 48556 is divided by 2695.
46
What is the remainder when 3048 is divided by 1862?
1186
Calculate the remainder when 6149 is divided by 218.
45
What is the remainder when 15575 is divided by 7777?
21
Calculate the remainder when 1564 is divided by 110.
24
What is the remainder when 17283 is divided by 5750?
33
What is the remainder when 12986 is divided by 303?
260
Calculate the remainder when 17606 is divided by 17591.
15
What is the remainder when 131669 is divided by 302?
299
Calculate the remainder when 4931 is divided by 331.
297
What is the remainder when 415 is divided by 36?
19
What is the remainder when 1964 is divided by 458?
132
Calculate the remainder when 2535 is divided by 497.
50
What is the remainder when 4049 is divided by 1388?
1273
Calculate the remainder when 3453 is divided by 1128.
69
Calculate the remainder when 4228 is divided by 1005.
208
Calculate the remainder when 7939 is divided by 3968.
3
What is the remainder when 9651 is divided by 111?
105
Calculate the remainder when 891 is divided by 305.
281
Calculate the remainder when 1384 is divided by 927.
457
What is the remainder when 14661 is divided by 616?
493
What is the remainder when 22319 is divided by 496?
495
Calculate the remainder when 1087079 is divided by 736.
7
What is the remainder when 10156 is divided by 267?
10
Calculate the remainder when 69888 is divided by 7.
0
What is the remainder when 1447 is divided by 25?
22
Calculate the remainder when 62087 is divided by 807.
755
What is the remainder when 2373 is divided by 145?
53
Calculate the remainder when 19550 is divided by 1396.
6
What is the remainder when 6937 is divided by 230?
37
What is the remainder when 2634 is divided by 269?
213
Calculate the remainder when 6566 is divided by 6399.
167
Calculate the remainder when 706376 is divided by 33636.
20
What is the remainder when 86688 is divided by 43285?
118
What is the remainder when 4796 is divided by 1323?
827
Calculate the remainder when 10968 is divided by 10840.
128
What is the remainder when 97055 is divided by 688?
47
What is the remainder when 17693 is divided by 842?
11
What is the remainder when 18998 is divided by 95?
93
What is the remainder when 83273 is divided by 764?
761
What is the remainder when 97962 is divided by 116?
58
What is the remainder when 3305 is divided by 1619?
67
What is the remainder when 67987 is divided by 170?
157
What is the remainder when 197447 is divided by 433?
432
What is the remainder when 92 is divided by 7?
1
Calculate the remainder when 3548 is divided by 660.
248
What is the remainder when 22761 is divided by 3764?
177
What is the remainder when 5798 is divided by 7?
2
Calculate the remainder when 15409 is divided by 454.
427
Calculate the remainder when 11872 is divided by 1454.
240
Calculate the remainder when 44192 is divided by 11004.
176
What is the remainder when 36717 is divided by 26?
5
Calculate the remainder when 2600 is divided by 168.
80
What is the remainder when 41511 is divided by 16?
7
What is the remainder when 22273 is divided by 22263?
10
Calculate the remainder when 144347 is divided by 92.
91
What is the remainder when 4275 is divided by 47?
45
What is the remainder when 78368 is divided by 28?
24
What is the remainder when 6314 is divided by 1260?
14
Calculate the remainder when 4811 is divided by 4555.
256
What is the remainder when 1041 is divided by 546?
495
Calculate the remainder when 120956 is divided by 51.
35
Calculate the remainder when 52101 is divided by 92.
29
Calculate the remainder when 16281 is divided by 857.
855
Calculate the remainder when 7813 is divided by 186.
1
Calculate the remainder when 6739 is divided by 3351.
37
What is the remainder when 1241 is divided by 515?
211
What is the remainder when 8128 is divided by 988?
224
What is the remainder when 154 is divided by 27?
19
Calculate the remainder when 15332 is divided by 4.
0
What is the remainder when 825 is divided by 31?
19
Calculate the remainder when 467826 is divided by 6780.
6
Calculate the remainder when 328343 is divided by 4437.
5
Calculate the remainder when 679245 is divided by 144.
141
Calculate the remainder when 345829 is divided by 20341.
32
Calculate the remainder when 6197 is divided by 199.
28
Calculate the remainder when 30247 is divided by 171.
151
What is the remainder when 162493 is divided by 81244?
5
What is the remainder when 47100 is divided by 35?
25
What is the remainder when 20737 is divided by 939?
79
Calculate the remainder when 33922 is divided by 46.
20
What is the remainder when 193851 is divided by 1015?
1001
What is the remainder when 1067570 is divided by 22?
20
Calculate the remainder when 1209098 is divided by 104.
98
What is the remainder when 104855 is divided by 34?
33
Calculate the remainder when 5924 is divided by 269.
6
What is the remainder when 18025 is divided by 375?
25
What is the remainder when 1383 is divided by 597?
189
Calculate the remainder when 6133 is divided by 1177.
248
Calculate the remainder when 25606 is divided by 2845.
1
Calculate the remainder when 10716 is divided by 2140.
16
What is the remainder when 6639 is divided by 37?
16
Calculate the remainder when 28740 is divided by 17.
10
Calculate the remainder when 163790 is divided by 4.
2
Calculate the remainder when 67958 is divided by 2427.
2
What is the remainder when 8611 is divided by 576?
547
What is the remainder when 4676 is divided by 855?
401
What is the remainder when 7284 is divided by 806?
30
Calculate the remainder when 14188 is divided by 43.
41
What is the remainder when 2654 is divided by 32?
30
What is the remainder when 15675 is divided by 201?
198
What is the remainder when 59718 is divided by 137?
123
What is the remainder when 17975 is divided by 58?
53
What is the remainder when 12633 is divided by 4200?
33
What is the remainder when 38151 is divided by 12?
3
Calculate the remainder when 200447 is divided by 27.
26
What is the remainder when 512751 is divided by 374?
371
Calculate the remainder when 4780 is divided by 830.
630
Calculate the remainder when 30895 is divided by 796.
647
What is the remainder when 92874 is divided by 83?
80
What is the remainder when 22167 is divided by 434?
33
What is the remainder when 287212 is divided by 143604?
4
What is the remainder when 52559 is divided by 1695?
14
What is the remainder when 12411 is divided by 2?
1
Calculate the remainder when 46140 is divided by 55.
50
What is the remainder when 866 is divided by 480?
386
What is the remainder when 150185 is divided by 408?
41
What is the remainder when 189683 is divided by 31612?
11
Calculate the remainder when 1184581 is divided by 31173.
7
Calculate the remainder when 323 is divided by 106.
5
Calculate the remainder when 13209 is divided by 82.
7
Calculate the remainder when 1055844 is divided by 242.
240
Calculate the remainder when 113801 is divided by 218.
